ommon divisor of 17 and u.
17
Suppose 291*d = 106*d - 4889 + 20429. Calculate the highest common divisor of 52 and d.
4
Let w be (5096/(-441) - 8/18)*(-80)/2. Calculate the highest common factor of 564 and w.
12
Suppose 0 = -211*b + 398526 + 6594. Calculate the greatest common factor of 48 and b.
48
Let w = 178 + -173. Suppose w*f - 1344 = 3*n + 915, -5*f = 3*n - 2241. What is the greatest common factor of f and 36?
18
Suppose 19*f = 1842 + 1464. Suppose -3*x + 5*a = x - f, 0 = 5*x - 3*a - 211. Calculate the highest common divisor of 533 and x.
41
Let i be (2/3)/((-2)/(-45)). Let s be (-296)/3*(-8)/((-24)/(-9)). Suppose 4*f - s = 184. Calculate the greatest common factor of i and f.
15
Let f = -149 + 156. Let w = -386 - -498. Calculate the greatest common divisor of f and w.
7
Let i = 448 - 377. Let r = 10 + 36. Let k = i - r. Calculate the greatest common factor of k and 10.
5
Let c = 5 + 1. Let n be -8*((-187)/2)/11. Suppose -4*y + 172 = 4*s, -3*s + n = -4*y + 233. What is the greatest common factor of c and y?
6
Let i(b) = 11*b - 7*b - 3*b. Let o be i(5). Suppose o*f - 42 = -2*w + 24, f - 3*w - 3 = 0. Calculate the highest common divisor of f and 96.
12
Suppose -7*r = -12*r - 840. Let q = r + 234. What is the highest common divisor of 6 and q?
6
Let r be (72*(-10)/105)/(((-22)/(-1260))/(-11)). What is the highest common divisor of r and 40?
40
Let y = 13 - 6. Let l(c) = 11*c + 43. Let v be l(y). Calculate the greatest common divisor of 90 and v.
30
Let y = -9442 + 10700. What is the greatest common factor of 578 and y?
34
Let k(s) = -392*s - 344. Let h be k(-3). Calculate the highest common divisor of h and 65.
13
Suppose 4*n = -69*n + 30*n + 123969. What is the highest common divisor of 93 and n?
93
Suppose 1699 = 5*y + v - 2497, 3*y = v + 2524. What is the greatest common divisor of 315 and y?
105
Let w(f) = 14*f - 6*f**2 + 23 - 12*f**3 + 11*f**3 - 6*f. Let m be w(-7). Suppose 3*i = -18 + 114. What is the greatest common factor of m and i?
16
Let n be 2 - (4/(-26) - 536/(-104)). Let w(s) = -7*s - 13. Let y be w(n). Let t = 1 + 55. What is the greatest common divisor of t and y?
8
Suppose 10*q - 11098 = -2*n + 15*q, -3*n + 5*q = -16637. Calculate the highest common factor of 58 and n.
29
Let t be ((-9)/2)/(56/32 - 2). Calculate the highest common divisor of 927 and t.
9
Let c = 5361 + -5096. What is the greatest common divisor of c and 15?
5
Suppose 343 = 2*g + 69. Let y = g + -92. Calculate the highest common factor of 75 and y.
15
Let g be (-9 - -3)*(-284)/(-3 - 1). Let v = 1062 + g. Calculate the highest common divisor of v and 12.
12
Suppose -10*a + 76 + 64 = 0. Suppose 0 = a*q - 4*q - 420. What is the greatest common divisor of 18 and q?
6
Let s be (-137 - 1) + (-6 - -6). Let x = -102 - s. Suppose -72 - x = -4*q. Calculate the greatest common divisor of q and 3.
3
Let f = -20111 + 21736. Calculate the highest common factor of 26 and f.
13
Suppose 2*l = 6*d - 7*d + 201, -l = -4*d - 87. Suppose -175*t + 11448 + 1284 = -2668. Calculate the highest common divisor of l and t.
11
Let z(x) = x**3 + 69*x**2 - 37*x + 2542. Let y be z(-70). Let m(t) = -t + 4. Let o be m(-4). What is the greatest common divisor of y and o?
8
Suppose -27*i - 1210 + 2733 = -1987. Calculate the greatest common divisor of i and 2028.
26
Let l be 8532509/2630 - 9/30. What is the highest common divisor of 28 and l?
4
Let u = 2 - -114. Let i = u + -95. What is the highest common divisor of i and 336?
21
Suppose 3*j + 6*j + 45 = 0. Let s be (-163)/(-5) - (-3)/j. Calculate the greatest common factor of s and 512.
32
Suppose -12*g - 14*g = -884. Suppose -5*l - 33 = -4*w, 16*w - 11*w + l = g. Calculate the greatest common factor of 182 and w.
7
Let k = 2728 + -2703. Calculate the highest common factor of 740 and k.
5
Let i = -18 - -69. Let r = 91 - -28. Suppose -6*g = -13*g + r. What is the greatest common divisor of i and g?
17
Let d(m) = 3*m**2 - 2*m - 1. Let o = -143 + 146. Let u be d(o). Let i = -44 + 104. Calculate the greatest common divisor of u and i.
20
Suppose 5*x + 14*p = 2730, 6*p - 20 = 2*p. What is the greatest common factor of 2052 and x?
76
Suppose 9*r + 128 = -826. Let g = r + 260. What is the highest common factor of g and 44?
22
Let j be (-28 - 2024/(-66))*1*21. What is the highest common divisor of j and 868?
28
Let c be (-1)/(-2) + (-63)/(-6). Let w(a) = -13*a**3 - 15*a + 14. Let r be w(1). Let b = 8 - r. What is the highest common factor of b and c?
11
Let m be 0/1 + 2 - -46. Let f = -196 - -198. Suppose -3*g + 16 = -f. Calculate the greatest common divisor of m and g.
6
Let n be (-84)/224 + (-10)/16 + 4492/4. What is the highest common factor of 1020 and n?
102
Let b be 228/(-8)*((-115)/15 + 5). Calculate the greatest common divisor of b and 64.
4
Let z = -400 + 409. Suppose -s - 14 = -4*l, 0 = s + 11*l - 10*l - 11. Calculate the greatest common factor of s and z.
3
Let h be ((-3648)/60)/(((-3)/2)/(3045/116)). What is the greatest common divisor of 3268 and h?
76
Let r be ((-133784)/(-12) - (100/(-30))/(-5)) + 6. What is the highest common divisor of r and 13?
13
Let f = -123 + 45. Let i be 3040/(-13) + 12/f. Let z = i - -378. What is the highest common divisor of z and 16?
16
Suppose 0*x - 5*x = q - 33611, -4*x = 4*q - 26908. Calculate the highest common divisor of x and 13.
13
Suppose 40*n - 13 = 44*n + 3*r, -n - 2*r - 12 = 0. Let y = -4 - -9. Calculate the highest common factor of y and n.
1
Suppose 0 = 3*t + f - 5038, 4*t - 37*f = -32*f + 6711. Calculate the greatest common divisor of t and 23.
23
Suppose -50*i - 14328 = -52*i + 2*k, -5*i = 3*k - 35788. Calculate the greatest common divisor of i and 16.
8
Suppose -8*k - 2030 = 21*k. Let a = 26 - k. What is the greatest common divisor of 12 and a?
12
Let a = 57 + -22. Suppose 0 = 5*m + 15 - a. What is the greatest common divisor of 1 and m?
1
Suppose 3*l + 222 = 2*u - 16, 4*u + 5*l = 476. Suppose -4*y = k - 283, 226 = 5*y + 3*k - u. Calculate the greatest common factor of y and 40.
8
Let x(d) = -d**2 - 10*d - 10. Let l be x(-9). Let a = 16 + l. Let q = 168 - 33. Calculate the highest common factor of a and q.
15
Suppose -24*d + 2604 = -12*d. Let h = -204 + d. What is the highest common factor of 13 and h?
13
Let v = -8 - -15. Suppose -6930 = -21*d + 15*d. Suppose d = -58*s + 73*s. Calculate the greatest common divisor of s and v.
7
Let v(n) = 48*n - 173. Let b be v(5). Suppose 0 = -b*w + 99*w - 3040. What is the greatest common divisor of 76 and w?
19
Let g(q) = -q**3 - 21*q**2 - 12*q + 4. Let m be g(-21). Suppose 22 = 3*n - 2*j, 12 = 3*n - 3*j - 15. What is the greatest common divisor of n and m?
4
Suppose -11475 = -c - 2*k, 64*c - 5*k = 69*c - 57340. What is the highest common factor of c and 73?
73
Let c be (-18)/21*((-820)/120 - (-1)/(-6)). Let m = -23 - -50. What is the highest common divisor of m and c?
3
Let c(j) = -177*j - 1294. Let a be c(-10). Calculate the greatest common factor of a and 221.
17
Suppose 0*m + m + 2*u - 4 = 0, 4*m - 1 = -3*u. Let s be (3 - -17)/(m/(-4)). Suppose 4 = 11*n - s. What is the greatest common factor of n and 4?
4
Let s = 4087 + -3722. Calculate the greatest common divisor of s and 949.
73
Let k = 220 - -147. Let s = k - 187. Calculate the greatest common factor of s and 15.
15
Let v(g) = 63*g - 2752. Let p be v(48). Calculate the highest common divisor of 128 and p.
16
Let y be ((-6)/8*10)/((-12)/(-32)). Let w be -3 + 6/(9/(-3))*y. What is the greatest common factor of 185 and w?
37
Let y(b) = -2*b + 8. Suppose 4*m = 3*d - 2, 3 + 1 = d - 2*m. Let h be y(d). Suppose 0 = -413*z - 68*z + 1924. What is the highest common divisor of h and z?
4
Let s be (-12)/(-9) + (151344/54 - 23). What is the highest common divisor of 81 and s?
27
Suppose 0 = 5*d - 2*r - 5108, -5*r = -4*d - 664 + 4730. Calculate the highest common divisor of 12 and d.
4
Suppose -h = -4*l - 116, 5*l = -8 - 12. Suppose 3 = 4*x + 5*o - h, o = 3*x - 101. Calculate the highest common divisor of x and 160.
32
Let d be -78*24/(-14) + (-2 - (-54)/42). Let a(w) = 3*w**2 - 3*w + 1. Let h be a(3). What is the greatest common divisor of h and d?
19
Let c be (5/((-10)/16))/(479/(-958)). Calculate the greatest common divisor of c and 16496.
16
Let r be (-4 + 3235/15)/((-10)/270*-9). Calculate the highest 